 of u and x.
1
Let x = -12 + 24. Let l = -1894 + 1838. Let i be ((-160)/l)/(7/147). What is the highest common factor of i and x?
12
Suppose 4*p + v - 18 = 3*v, -3*v = 3*p - 9. Suppose g = 3*i - 581, p*i - 211 = 3*i - 4*g. What is the highest common divisor of 26 and i?
13
Suppose -4*c + 26*c = -23*c + 585. Let i(z) = -z**2 - 7*z. Let b be i(-7). Suppose b = -4*o - o + 65. Calculate the highest common factor of c and o.
13
Let p(o) be the second derivative of -11*o**3/6 - 89*o**2 - 87*o. Let j be p(-19). What is the greatest common divisor of j and 124?
31
Suppose -13*p + 98 = -58. Suppose w + 3*m - 32 = 0, -64 = -2*w - m - 4*m. Calculate the greatest common divisor of p and w.
4
Let w(v) = -3*v + 45. Let i be w(12). Suppose -377 = -i*u + 136. Calculate the greatest common divisor of 228 and u.
57
Let p = 18493 + -11396. Calculate the greatest common divisor of 94 and p.
47
Let a be 12/(-8)*(-1760)/15. Suppose -p - 15*p = -1584. Calculate the greatest common divisor of p and a.
11
Let g = -13642 + 14028. What is the greatest common factor of g and 1?
1
Let o(x) be the first derivative of x**4/4 - 7*x**3/3 - 4*x**2 + 9*x + 17. Let z be o(7). Let q = -24 - z. What is the greatest common divisor of q and 253?
23
Suppose 41*f - 19800 = -91*f. Calculate the highest common divisor of f and 1450.
50
Let z(b) = 2*b + 42. Suppose 19*n = 9*n - 70. Let s be z(n). Let t = 38 + 102. What is the highest common divisor of t and s?
28
Let u(v) = 4*v**3 - 3*v**2 + 8*v - 15. Let c be (117/52)/((-6)/(-8)). Let z be u(c). What is the greatest common divisor of z and 12?
6
Let n(w) = 61 + 48 - 9 + 4*w. Let f be n(0). Let z be 1044/21 - (-4)/14. Calculate the highest common divisor of z and f.
50
Let k(l) = l**2 - 3 - 7*l + 5 - 5*l**2 + 3*l**2. Let w be k(-4). Let x be 540/78*2 + (-2)/(-13). Calculate the greatest common factor of x and w.
14
Suppose -3*n + 6100 + 5690 = 12*n. Calculate the highest common factor of n and 12.
6
Let r(x) = -1191*x - 76. Let v be r(-4). Calculate the greatest common divisor of 16 and v.
16
Let o be (-2)/(-8)*-4*6. Let k be (-26 - -44)/(o/(-15)). What is the greatest common factor of k and 50?
5
Let l be (-14)/(-6) - 4/(-6). Suppose 0 = o - 5 + l. Let w(d) = d**3 - 277*d**2 + 2675*d - 49. Let a be w(10). What is the highest common factor of a and o?
1
Let m = 204 - 194. Suppose -158*o - m = -160*o. Calculate the greatest common factor of o and 145.
5
Let b be (-3)/1 - (-602)/(-7). Let a = 37 + b. Let s = -37 - a. Calculate the greatest common factor of s and 3.
3
Let g(l) = -7*l - 107. Let c be g(-27). Let w = 80 + c. Calculate the greatest common factor of w and 6.
6
Let u be (90/3)/((-2)/(-9)). Let c = -64 + 37. Let a = 0 - c. Calculate the highest common divisor of a and u.
27
Let f be (-28)/(-6 - 1) + 0. Let y be f*(-792)/(-16) + -6. Suppose 5*m = -5*x + 50, x = -5*m - 3*x + 52. What is the highest common divisor of m and y?
12
Let w be (8/(-6))/((-2)/27). Suppose -338*x = 8385 - 29679. What is the highest common divisor of x and w?
9
Let r = -40 - -43. Let d be 98/(-28) - (-2)/4 - r. Let w be (d/(-21))/((-1)/(-91)). Calculate the highest common factor of w and 39.
13
Let p = -12973 + 13171. Calculate the highest common divisor of 176 and p.
22
Let p = 200 - 198. Suppose 5*j + 89 = p*t + 53, t - 5*j - 13 = 0. What is the highest common factor of 115 and t?
23
Let q = -583 - -583. Let h be (-4*(q + 1))/(12/(-21)). What is the highest common divisor of h and 3?
1
Suppose -2*x - 2*w - 2 = -6, -4*x = -5*w - 8. Suppose -2 = -2*l - x*g, 3 = -3*l - 0*g - 5*g. Let m = 1 + 3. Calculate the greatest common factor of l and m.
4
Let x = 5941 + -5848. What is the highest common factor of 24 and x?
3
Suppose -4*k = -2*s - s - 80, 0 = -3*k + s + 65. Let p = 4091 - 3907. What is the greatest common divisor of k and p?
23
Let g = -62 + 43. Suppose -x - n = 6 - 32, -5*n - 10 = -2*x. Let h = x + g. Calculate the greatest common divisor of 5 and h.
1
Suppose 2*b - 2*n + 36 = 174, -5*n = 25. Suppose 8*s = 17 + 23. Suppose 1 = s*r - 19. What is the greatest common factor of b and r?
4
Let s = 246 + -510. Let k be 9/2*s/(-9). What is the highest common factor of 12 and k?
12
Let u = 351325 + -351080. Suppose 21 = 4*k - k. What is the greatest common divisor of u and k?
7
Let b(m) = -2*m - 1. Let v be b(-3). Suppose 4*t = 2*j - v*j + 26, 5*j - 55 = 5*t. Let d be 80/((-36)/9 - -6). Calculate the highest common factor of j and d.
10
Let a be 303/(-15) + 57/(-15) + 4. Let f be (a + 3)/((-2)/2). What is the greatest common factor of f and 459?
17
Let b(t) = 83*t**3 + t**2 - 1. Let z be b(-1). Let q = -35 - z. Suppose -2*v + 132 - 109 = l, 2*v - 5*l = 29. Calculate the highest common divisor of q and v.
12
Suppose 4*i = 2*d + 18244, -8*d = -5*i - 7*d + 22799. Calculate the highest common divisor of i and 485.
97
Suppose 28 = 312*o - 311*o + i, 5*o = -2*i + 131. Calculate the highest common divisor of 145 and o.
5
Let o be (-585)/819 + 346/14. Calculate the highest common factor of o and 66.
6
Let p be 2/(-4)*82*49*(-10)/35. Calculate the highest common factor of p and 1886.
82
Let n(w) = w**3 + 12*w**2 + w + 14. Let t be n(-12). Let s(q) = 2*q**2 + 2*q - 2. Let y be s(t). Calculate the greatest common factor of y and 65.
5
Let q be 3/6 + (-1405)/(-10) + 3. Suppose -q = 311*j - 319*j. What is the greatest common divisor of j and 42?
6
Let j = -2 + 6. Suppose q = -j*k + 2*q + 136, 4*k - 136 = -3*q. Let z = 20518 + -20501. Calculate the greatest common divisor of z and k.
17
Suppose 5*p + 28 = 6*p. Suppose -271 = -12*j + 977. Suppose -j*s + 105*s - 21 = 0. Calculate the highest common factor of s and p.
7
Suppose 2*u + 155 = 5*p - 84, -4*p + 182 = 3*u. Let j = -30 + p. Calculate the greatest common divisor of 51 and j.
17
Suppose 189 = -4*o + 205, b - 4*o - 3075 = 0. Calculate the greatest common factor of 22 and b.
11
Let g = -12 - -46. Suppose 0 = t - 5, 2*t - 2802 = 81*k - 85*k. Let j = 749 - k. What is the greatest common divisor of g and j?
17
Suppose -2 + 9 = -h - 2*y, -5*y = -20. Let v = h - -27. Let f be (18/36)/(2/(-96))*-4. Calculate the highest common divisor of v and f.
12
Suppose -3*g = 4*a - 5*a - 591, -4*a - 4*g - 2348 = 0. Let p = -489 - a. What is the highest common factor of 154 and p?
11
Suppose i = 2*n + 8, -4*i = -n - n - 56. Suppose 0 = 4*m - 0*m + 224. Let f = m - -120. What is the greatest common divisor of i and f?
16
Suppose -2*g = u - 56, -4*g + 98 = 2*u - 7*u. Suppose 0 = o + g - 162. Suppose 4*a - 148 - 68 = 0. Calculate the greatest common factor of o and a.
27
Let i(s) = 11*s - 4. Let d be i(-2). Let o = d + 19. Let b be (7/o)/((-2)/(77 - 1)). What is the greatest common factor of 95 and b?
19
Suppose -104 = -2*o - 4*c, 0 = -8*o + 3*o + 5*c + 335. Suppose -o + 32 = -m. Suppose 16*r = 14*r + m. Calculate the greatest common factor of 10 and r.
5
Suppose -94*v + 517 + 128 = 81. Calculate the highest common factor of v and 6420.
6
Let p be (-198)/(-54) + (-496)/(-3). Calculate the highest common factor of p and 585.
13
Let b = 367 - 207. Suppose -9*n + 16*n + 5 = 4*u, 0 = -3*u - n + 35. Calculate the highest common divisor of b and u.
10
Suppose -118*s + 64*s + 48*s = -150450. What is the highest common divisor of s and 25?
25
Let u be 6/(-2)*52/(-3). Let t = -149228 + 149514. Calculate the highest common divisor of u and t.
26
Let o = 7918 - 7894. Calculate the greatest common divisor of 4936 and o.
8
Let k(f) = 16*f - 52. Suppose -3*x + 7*x - 36 = -5*u, -3*u + 12 = 0. Let t be k(x). What is the highest common divisor of 384 and t?
12
Let r be 123/(-328) + (-2998)/(-16). Let q = -155 + r. What is the greatest common factor of q and 144?
16
Let t be 4/(5 + 308/(-63)). What is the highest common factor of 276 and t?
12
Let h be (-37)/((-296)/16) - -13510. What is the greatest common factor of h and 12?
12
Let h(k) = k**2 + 6*k - 1. Let n be h(-5). Let d be n/10 - 26/(-10). Suppose 0 = -d*p + 40 - 6. What is the highest common divisor of p and 34?
17
Let f = 5 - 0. Suppose 0 = f*s - 31 - 19. Let g = -10968 + 11058. Calculate the greatest common factor of s and g.
10
Let i = -231 - -234. Suppose 0 = j - 2*z - 203, 8*j - 4*j = i*z + 827. Calculate the highest common factor of 22 and j.
11
Let r(c) = -c - 21. Let g be r(-16). Let l(z) 